 + 5*a**2 + 11*a + 7. Let t(d) = -d**3 + 2*d**2 + 5*d + 4. Let p(r) = k*t(r) - 3*f(r). Give p(6).
-13
Let s(z) = 5*z**2 - 3*z + 113. Let n(g) = -14*g**2 + 8*g - 317. Let l(q) = -6*n(q) - 17*s(q). Determine l(4).
-23
Let u(m) = -m**3 - 7*m**2 + 15*m + 15. Let c be 5 - 9*(-78)/(-54). Determine u(c).
-41
Let b(o) be the second derivative of -o - 1/12*o**4 - 1/6*o**3 + o**2 - 19. Calculate b(-3).
-4
Let p be 18 + -24 + 13 + 1. Let y(a) = -p*a + 5 + 9*a + 1 - 7. Determine y(3).
2
Let n(w) be the first derivative of -w**4/24 - w**3/3 - w**2/2 - 2. Let d(z) be the second derivative of n(z). Suppose 610*i = 615*i. Determine d(i).
-2
Suppose -251 + 241 = -5*j. Suppose -496 = -j*x - 492. Let l(m) = m**3 - 5*m**2 + 3*m - 2. Calculate l(x).
-8
Let r(h) = 196*h - 543*h + 172*h - 10 + 172*h + h**2. What is r(5)?
0
Let q(b) be the third derivative of -b**6/120 + b**5/5 - b**3/3 - b**2. Let a(t) = 171*t - 19140. Let n be a(112). Give q(n).
-2
Let r(k) = 2*k**3 + 3*k**2 + k + 13. Let t(z) = 0*z**2 - 380*z + 382*z + 3*z**3 + 4*z**2 + 20. Let w(q) = -8*r(q) + 5*t(q). Calculate w(-4).
-12
Let c(r) be the third derivative of -r**4/24 - 17*r**3/6 + 1146*r**2 - r. Calculate c(7).
-24
Let l(f) be the third derivative of f**4/12 - 5*f**3/6 - 148*f**2 - 2. Let n be ((-14)/3)/(32/48). Determine l(n).
-19
Let d(y) = y**3 + 5. Let g be d(0). Let v be 9*2/(-3)*(-6)/6. Let j(p) = -3*p - p + v*p - 3 - 3 + 3*p. Give j(g).
19
Let j be 4/2 - (-112)/8. Suppose j = 2*d + 2*d. Let i(b) = -37*b**2 - 34*b - 143. Let k(r) = -2*r**2 - 2*r - 8. Let s(g) = -i(g) + 18*k(g). Determine s(d).
7
Let a(m) = -2302*m + 4652*m - 2341*m. Suppose 4*w + w + 1 = -3*u, 3*u + 7 = w. Give a(u).
-18
Suppose -31*q - 560 = -51*q. Let k be (-8)/28 - 160/q. Let z(w) = w**2 + 3*w + 5. Calculate z(k).
23
Let s be 12 - (-7 - -13) - (0 + 0). Let m(z) = 2*z**3 - 14*z**2 + 4*z - 2. What is m(s)?
-50
Suppose -3*w + 8*w = -7 + 37. Let f(o) = -o + 5. What is f(w)?
-1
Let s(r) = -15*r + 24. Let o(j) = j - 4. Let d(w) = -12*o(w) - s(w). Calculate d(-6).
6
Let n(f) be the third derivative of -f**7/1680 + f**6/360 + f**5/20 + 2*f**3/3 + 2*f**2 + 1. Let w(k) be the third derivative of n(k). Calculate w(-4).
14
Let a(b) be the first derivative of -b**5/24 + b**4/24 - 13*b**3/3 - 5. Let x(q) be the third derivative of a(q). Let s be 1/4 + (-14)/(-8). Calculate x(s).
-9
Let f(j) = 3*j**2 + 5*j + 4. Let c be 127 + (4 + -7 - -6) - 3. Suppose 0 = c*s - 118*s + 27. Give f(s).
16
Let f(m) = -4*m + 33. Let j be (-9)/99*0 + 10. Calculate f(j).
-7
Suppose 320 + 67 = -129*d. Let p(s) = s**3 + 3*s**2 + 3*s. What is p(d)?
-9
Let o(n) = -4*n + 52*n + 6*n**2 - 5 + n**2 - 4*n**2 - 5*n**2. Calculate o(24).
-5
Let d(i) = -31*i - 119. Suppose 4*k = 8, 6*k - 5*k + 14 = -4*n. What is d(n)?
5
Suppose -53*z + 50*z = -6. Let x be (-4 - z) + 2 - -8. Let u(m) = -m**3 + 3*m**2 + 5*m + 2. Calculate u(x).
6
Let z(x) = 4*x**3 + 3*x**2 - 8*x + 1. Let p(o) = -5*o**3 - 2*o**2 + 8*o - 2. Let w(i) = 3*p(i) + 4*z(i). Suppose -k - 5 = 2. Give w(k).
5
Suppose 10*h - 4 = -64. Let f be (((-48)/(-20))/(-3))/((-6)/15). Let s(b) = -b - 5*b - 51*b**2 + 50*b**f + 5. Determine s(h).
5
Let n(o) = o**2. Let b be -21*4/8*(-32)/6. Let z = 5 + -3. Let y be (4/6 + b/(-48))*z. Calculate n(y).
1
Let w(u) = -2*u**2 + 12*u + 1. Let l be w(0). Let n(a) = a**2 - 6*a + 6. Calculate n(l).
1
Let b be (-32)/144 - 42110/45. Let o = 939 + b. Let f(x) be the second derivative of -x**5/20 + x**4/12 + x**3/2 + 3*x**2/2 + x. Determine f(o).
-6
Let t(g) = -617*g + 646. Let z be t(1). Let s(o) be the third derivative of z*o**2 + 1/3*o**4 + 0 + 1/60*o**5 + 0*o + o**3. Give s(-6).
-6
Let m(o) = 11*o**2 + 2*o + 3. Let i(b) = -2*b**3 + 3*b**2 - 4*b - 1. Let p be i(0). Determine m(p).
12
Let y = -9 - -4. Let x(c) = 22*c**2 + 41*c**2 - 2 - 75*c**2 - 5 + 13*c**2 + 3*c. Determine x(y).
3
Suppose -4*s = b - 55, 0*s + 2*b + 30 = 2*s. Let t(u) = -s - 7*u + 18 - 8. What is t(-3)?
17
Let f(s) = -8*s - 172. Suppose -816*h + 285 = -831*h. Calculate f(h).
-20
Let t be 3*(2 + 1 + -2). Suppose 8*f - 5*f = -t. Let d(o) = o - 1. Let s(z) = -3*z + 2. Let y(n) = 5*d(n) + 2*s(n). Determine y(f).
0
Let o(d) = -d**2 - 3*d + 2. Let j be o(0). Let q(y) = -2*y**j + 7*y - 1 + 5*y + y**2 - 8*y. Give q(3).
2
Let i(c) = 17*c - 3. Suppose -9*z - 74 = -398. Suppose 8 = z*s - 32*s. Determine i(s).
31
Let f be (-5)/3*1*-3. Suppose -43 = 15*a - 73. Let m(v) = 7*v**2 - 22*v**3 + v - 1 - a*v**2 + 0*v**2 + 21*v**3. Give m(f).
4
Let v(n) = 22*n + 13. Suppose 23*q + 33*q = 5*q - 153. Calculate v(q).
-53
Suppose -4*y + 2*m + 8 = 0, 2*y + 11*m = 10*m - 4. Let j(s) be the third derivative of -s**4/24 + s**3/2 + 7*s**2. Determine j(y).
3
Let u(l) = -l**3 + 15*l**2 - 14*l - 9. Suppose -140 = -9*a - a. Let i be u(a). Let b(o) = -o**3 - 10*o**2 - 11*o - 5. Determine b(i).
13
Suppose 0 = -3*z - z - 20. Let i(l) = l**3 + 16*l**2 - l - 12. Let t be i(-16). Let d(c) = -t + 3*c - 12*c + 6*c + 2*c. Calculate d(z).
1
Let y(u) = 2*u**2 + 3*u + 2. Let x(p) = -88*p - 25. Let s be x(-1). Suppose s*b - 79*b = 32. Calculate y(b).
4
Let k(u) be the first derivative of 5*u**2/2 - 6*u + 261. Determine k(-9).
-51
Suppose 4*j - 29 = -1. Let o(p) = p**2 - 6*p + 8. Give o(j).
15
Let i(n) = 20*n + 1776. Let t be i(-89). Let z(g) = 5*g**2 + 18*g - 3. Calculate z(t).
5
Suppose -2*w + 2 + 4 = 0. Let l(m) = 6*m**3 + 33*m**2 + 7*m - 13. Let v(d) = -d**3 - 5*d**2 - d + 2. Let n(z) = -3*l(z) - 19*v(z). Give n(w).
-14
Let l(o) = -o + 16. Let n(r) = 12 + 10 - 20. Let y(z) = l(z) - 5*n(z). Give y(3).
3
Let o(m) = m + 8. Suppose 134*a - 136*a = 4*t + 8, a = -4*t - 12. Give o(t).
4
Let k(w) = -4*w + 8. Let t(u) be the second derivative of -u**4/6 + 22*u**3/3 - 76*u**2 + 55*u. Let r be t(4). Give k(r).
40
Let l(a) = a**2 - 6*a - 6. Let v = 250 - 247. Let o(i) = i**3 - i**2 - 5*i + 4. Let k be o(v). What is l(k)?
1
Let d(u) = u. Suppose -j + 1 + 5 = -n, 0 = -3*j + 4*n + 21. Let y be d(j). Let l(k) be the third derivative of -k**4/24 + 2*k**3/3 - 16*k**2 - 12. What is l(y)?
1
Let s be ((210/(-40))/(-21) - (-497)/28) + -8. Let l(q) be the second derivative of q**3/6 - 3*q**2/2 + q. Calculate l(s).
7
Let m(s) = 2*s**2 - 23*s - 1. Let r(p) = -5*p**2 + 63*p + 4. Let t(x) = 8*m(x) + 3*r(x). Suppose -3*v - 9 = 6. Calculate t(v).
4
Let j = -1011 + 1011. Let h(p) be the first derivative of -1/2*p**4 + j*p**3 + 0*p + 3 + p**2. What is h(-2)?
12
Suppose -12 - 276 = 18*z. Let j(d) = d**3 + 16*d**2 + 3*d + 42. Determine j(z).
-6
Let y(u) = -u + 5. Let o be (-1)/(-2)*-8 - 1*-401. Suppose 37 - o = -6*m. Let q = 56 - m. Determine y(q).
9
Let y = -53 + 65. Suppose -6*m + 2*m - 4*s - 16 = 0, -m + y = -3*s. Let z(d) = -5 + d + 3 + 1 + m*d. Give z(-5).
-6
Let a(v) be the first derivative of 1/2*v**2 - 30 - 6*v. Give a(8).
2
Suppose 0 = 21*m + 24*m - 44505. Let x(h) = 3*h - m*h**2 - 8 + 988*h**2 - 3*h - 7*h. Determine x(-5).
2
Let d(q) = 43*q**2 - 16*q + 45. Let n(r) = -115*r**2 + 49*r - 136. Let c(k) = 8*d(k) + 3*n(k). Calculate c(16).
0
Let r(s) = 3*s + 1. Suppose -2*g - g - 5*f = 6, 0 = 4*g + 4*f. Let u be (10 - 2)/(-2*(g - 4)). Suppose -u*a + 3 + 1 = 0. Give r(a).
4
Let a(g) be the second derivative of -3*g**2 + 1/6*g**3 - 2*g + 0. Let h = 6315 - 6322. Give a(h).
-13
Let f(z) = 3*z - 7. Suppose 0 = 49*b - 65*b + 48. Determine f(b).
2
Suppose 0 = 5*t - j - 11 - 16, 3*j + 6 = 0. Suppose 0 = -t*w + x - 2 + 15, 5*x = -w + 13. Let o(h) = 6*h + 7*h**2 + 5 - 7*h**3 + 8*h**w - 8. Determine o(-6).
-3
Let v(h) = -h**3 + 2*h**2 + 5*h - 4. Suppose -15*y + 3 = -14*y. Suppose y*d - 13 + 4 = 0. Determine v(d).
2
Let z(q) = -17*q**3 - q**2 - q. Let a(o) = o**3 + 32*o**2 - 224*o - 26. Let i be a(6). Give z(i).
134
Let b(w) be the third derivative of 5*w**4/24 + w**3/2 - 33*w**2 - 5*w. Suppose -g - 20 = -11*g. Give b(g).
13
Let a(s) be the second derivative of -3*s**5/5 + s**4/6 - s**3/3 - s**2/2 - 1430*s. What is a(1)?
-13
Let h(d) = 2*d + 3*d**3 - d**3 + 2 - d + d. Suppose 35*x = 29*x + 12. Suppose 574*a - 575*a - x = 0. Give h(a).
-18
Let s(k) = -10*k + 2. Suppose -11 = -2*z - u, 5*u - 3*u + 5 = 5*z. Suppose 37*g - 319 - 14 = 0. Suppose -3*l = -z + g. Give s(l).
22
Let v(y) = -7*y**3 + y**2. Let a be (-2 + (-20)/(-15))*(-4 + (-110)/(-20)). Give v(a).
8
Let a(r) be the third derivative of -r**6/120 -